s the hundreds digit of 3055?
0
What is the hundreds digit of 742?
7
What is the thousands digit of 3265?
3
What is the units digit of 1224?
4
What is the hundreds digit of 1387?
3
What is the units digit of 17?
7
What is the tens digit of 19319?
1
What is the units digit of 2782?
2
What is the ten thousands digit of 22633?
2
What is the units digit of 5831?
1
What is the ten thousands digit of 68356?
6
What is the units digit of 1345?
5
What is the tens digit of 3043?
4
What is the units digit of 2989?
9
What is the thousands digit of 1388?
1
What is the thousands digit of 33332?
3
What is the units digit of 968?
8
What is the tens digit of 1340?
4
What is the hundreds digit of 159?
1
What is the units digit of 2394?
4
What is the units digit of 66081?
1
What is the units digit of 810?
0
What is the tens digit of 8433?
3
What is the units digit of 958?
8
What is the thousands digit of 13851?
3
What is the units digit of 4204?
4
What is the tens digit of 67?
6
What is the hundreds digit of 718?
7
What is the units digit of 68180?
0
What is the tens digit of 3838?
3
What is the hundreds digit of 56781?
7
What is the units digit of 1077?
7
What is the units digit of 4172?
2
What is the tens digit of 393?
9
What is the tens digit of 3065?
6
What is the hundreds digit of 1407?
4
What is the ten thousands digit of 73631?
7
What is the units digit of 96?
6
What is the units digit of 381?
1
What is the tens digit of 3217?
1
What is the ten thousands digit of 10136?
1
What is the ten thousands digit of 26907?
2
What is the hundreds digit of 10813?
8
What is the hundreds digit of 3004?
0
What is the hundreds digit of 2169?
1
What is the tens digit of 3333?
3
What is the thousands digit of 37522?
7
What is the ten thousands digit of 19129?
1
What is the thousands digit of 2139?
2
What is the units digit of 1900?
0
What is the tens digit of 37361?
6
What is the hundreds digit of 138489?
4
What is the hundreds digit of 1323?
3
What is the tens digit of 17879?
7
What is the hundreds digit of 52686?
6
What is the tens digit of 3965?
6
What is the ten thousands digit of 33399?
3
What is the hundreds digit of 2200?
2
What is the hundreds digit of 9874?
8
What is the hundreds digit of 24648?
6
What is the hundreds digit of 29948?
9
What is the thousands digit of 3177?
3
What is the units digit of 5494?
4
What is the hundreds digit of 2813?
8
What is the ten thousands digit of 11917?
1
What is the thousands digit of 4161?
4
What is the tens digit of 377?
7
What is the hundreds digit of 168?
1
What is the units digit of 89230?
0
What is the hundreds digit of 895?
8
What is the hundreds digit of 6059?
0
What is the hundreds digit of 2721?
7
What is the ten thousands digit of 25041?
2
What is the hundreds digit of 892?
8
What is the tens digit of 924?
2
What is the thousands digit of 13090?
3
What is the tens digit of 4364?
6
What is the tens digit of 5764?
6
What is the thousands digit of 3669?
3
What is the units digit of 16959?
9
What is the hundreds digit of 4037?
0
What is the units digit of 2743?
3
What is the units digit of 70116?
6
What is the thousands digit of 1913?
1
What is the tens digit of 637?
3
What is the thousands digit of 5482?
5
What is the tens digit of 3262?
6
What is the tens digit of 22634?
3
What is the tens digit of 35769?
6
What is the thousands digit of 1568?
1
What is the hundreds digit of 150004?
0
What is the units digit of 7309?
9
What is the units digit of 304?
4
What is the thousands digit of 1856?
1
What is the units digit of 978?
8
What is the units digit of 1893?
3
What is the units digit of 665?
5
What is the tens digit of 16579?
7
What is the units digit of 535?
5
What is the units digit of 4496?
6
What is the tens digit of 3400?
0
What is the tens digit of 1310?
1
What is the thousands digit of 4070?
4
What is the units digit of 20032?
2
What is the hundreds digit of 35914?
9
What is the thousands digit of 2176?
2
What is the units digit of 414?
4
What is the thousands digit of 7284?
7
What is the units digit of 1669?
9
What is the units digit of 530?
0
What is the hundreds digit of 39834?
8
What is the thousands digit of 39986?
9
What is the ten thousands digit of 26334?
2
What is the tens digit of 62989?
8
What is the tens digit of 919?
1
What is the hundreds digit of 7280?
2
What is the units digit of 9430?
0
What is the hundreds digit of 955?
9
What is the units digit of 64703?
3
What is the tens digit of 5310?
1
What is the tens digit of 24825?
2
What is the units digit of 44781?
1
What is the hundreds digit of 36551?
5
What is the tens digit of 11556?
5
What is the thousands digit of 1009?
1
What is the units digit of 9962?
2
What is the tens digit of 84?
8
What is the tens digit of 998?
9
What is the tens digit of 8580?
8
What is the units digit of 7115?
5
What is the tens digit of 45968?
6
What is the thousands digit of 1904?
1
What is the units digit of 2687?
7
What is the units digit of 48827?
7
What is the units digit of 8338?
8
What is the thousands digit of 3338?
3
What is the hundreds digit of 26468?
4
What is the tens digit of 404?
0
What is the hundreds digit of 370?
3
What is the hundreds digit of 138101?
1
What is the hundred thousands digit of 125373?
1
What is the units digit of 888?
8
What is the tens digit of 5024?
2
What is the ten thousands digit of 10793?
1
What is the ten thousands digit of 20580?
2
What is the units digit of 79203?
3
What is the tens digit of 152?
5
What is the ten thousands digit of 24797?
2
What is the thousands digit of 3457?
3
What is the tens digit of 5930?
3
What is the tens digit of 43448?
4
What is the thousands digit of 3730?
3
What is the hundreds digit of 9906?
9
What is the tens digit of 396?
9
What is the units digit of 73568?
8
What is the hundreds digit of 4308?
3
What is the tens digit of 1098?
9
What is the hundreds digit of 24263?
2
What is the ten thousands digit of 11855?
1
What is the hundreds digit of 9800?
8
What is the thousands digit of 1052?
1
What is the hundreds digit of 1440?
4
What is the units digit of 78043?
3
What is the thousands digit of 12939?
2
What is the tens digit of 4601?
0
What is the units digit of 15560?
0
What is the hundreds digit of 2009?
0
What is the hundreds digit of 49893?
8
What is the units digit of 3769?
9
What is the hundreds digit of 5390?
3
What is the tens digit of 380?
8
What is the tens digit of 19644?
4
What is the units digit of 485?
5
What is the thousands digit of 90960?
0
What is the hundreds digit of 265?
2
What is the thousands digit of 10274?
0
What is the thousands digit of 3082?
3
What is the units digit of 3441?
1
What is the units digit of 1679?
9
What is the tens digit of 3216?
1
What is the tens digit of 58681?
8
What is the tens digit of 23117?
1
What is the units digit of 554?
4
What is the tens digit of 3143?
4
What is the hundreds digit of 11010?
0
What is the units digit of 29830?
0
What is the thousands digit of 25460?
5
What is the units digit of 41?
1
What is the ten thousands digit of 18977?
1
What is the hundreds digit of 7932?
9
What is the thousands digit of 5703?
5
What is the ten thousands digit of 43184?
4
What is the tens digit of 64230?
3
What is the thousands digit of 4121?
4
What is the units digit of 4366?
6
What is the units digit of 2162?
2
What is the hundreds digit of 36878?
8
What is the units digit of 18451?
1
What is the tens digit of 3444?
4
What is the ten thousands digit of 11585?
1
What is the hundreds digit of 10565?
5
What is the tens digit of 44082?
8
What is the tens digit of 29650?
5
What is the hundreds digit of 472?
4
What is the units digit of 34579?
9
What is the units digit of 1232?
2
What is the units digit of 28660?
0
What is the ten thousands digit of 11504?
1
What is the units digit of 1154?
4
What is the units digit of 1704?
4
What is the units digit of 665?
5
What is the units digit of 23981?
1
What is the ten thousands digit of 39772?
3
What is the thousands digit of 47236?
7
What is the tens digit of 17997?
9
What is the units digit of 5303?
3
What is the hundreds digit of 3143?
1
What is the hundreds digit of 943?
9
What is the tens digit of 5413?
1
What is the ten thousands digit of 123357?
2
What is the hundreds digit of 759?
7
What is the hundreds digi